divided by 15.
7
What is the remainder when 512 is divided by 101?
7
Calculate the remainder when 37 is divided by 21.
16
Calculate the remainder when 2816 is divided by 3.
2
What is the remainder when 119 is divided by 38?
5
Calculate the remainder when 196 is divided by 93.
10
Calculate the remainder when 340 is divided by 93.
61
Calculate the remainder when 532 is divided by 119.
56
Calculate the remainder when 5367 is divided by 8.
7
What is the remainder when 46 is divided by 29?
17
What is the remainder when 2881 is divided by 14?
11
Calculate the remainder when 193 is divided by 7.
4
Calculate the remainder when 1089 is divided by 225.
189
Calculate the remainder when 444 is divided by 6.
0
Calculate the remainder when 980 is divided by 164.
160
Calculate the remainder when 106 is divided by 22.
18
Calculate the remainder when 16277 is divided by 20.
17
Calculate the remainder when 2050 is divided by 438.
298
What is the remainder when 338 is divided by 152?
34
Calculate the remainder when 251 is divided by 39.
17
What is the remainder when 647 is divided by 109?
102
What is the remainder when 249 is divided by 63?
60
Calculate the remainder when 895 is divided by 22.
15
Calculate the remainder when 312 is divided by 188.
124
Calculate the remainder when 1990 is divided by 409.
354
Calculate the remainder when 572 is divided by 49.
33
Calculate the remainder when 87 is divided by 3.
0
Calculate the remainder when 715 is divided by 14.
1
Calculate the remainder when 432 is divided by 20.
12
Calculate the remainder when 524 is divided by 28.
20
What is the remainder when 2085 is divided by 22?
17
What is the remainder when 3639 is divided by 8?
7
Calculate the remainder when 579 is divided by 268.
43
Calculate the remainder when 411 is divided by 67.
9
Calculate the remainder when 1071 is divided by 276.
243
What is the remainder when 402 is divided by 56?
10
Calculate the remainder when 11978 is divided by 292.
6
Calculate the remainder when 449 is divided by 11.
9
Calculate the remainder when 487 is divided by 69.
4
Calculate the remainder when 517 is divided by 173.
171
What is the remainder when 167 is divided by 86?
81
Calculate the remainder when 2783 is divided by 24.
23
What is the remainder when 4208 is divided by 382?
6
What is the remainder when 484 is divided by 237?
10
Calculate the remainder when 280 is divided by 72.
64
What is the remainder when 260 is divided by 129?
2
Calculate the remainder when 117 is divided by 24.
21
What is the remainder when 684 is divided by 50?
34
What is the remainder when 1184 is divided by 378?
50
Calculate the remainder when 142 is divided by 35.
2
What is the remainder when 3121 is divided by 184?
177
What is the remainder when 2011 is divided by 402?
1
What is the remainder when 392 is divided by 33?
29
What is the remainder when 1038 is divided by 203?
23
What is the remainder when 4409 is divided by 49?
48
What is the remainder when 807 is divided by 264?
15
Calculate the remainder when 1066 is divided by 107.
103
What is the remainder when 167 is divided by 118?
49
What is the remainder when 2194 is divided by 13?
10
Calculate the remainder when 1097 is divided by 11.
8
Calculate the remainder when 661 is divided by 67.
58
What is the remainder when 1704 is divided by 426?
0
Calculate the remainder when 475 is divided by 232.
11
Calculate the remainder when 399 is divided by 114.
57
Calculate the remainder when 46527 is divided by 165.
162
What is the remainder when 8264 is divided by 145?
144
Calculate the remainder when 219 is divided by 75.
69
Calculate the remainder when 6832 is divided by 758.
10
What is the remainder when 149 is divided by 8?
5
Calculate the remainder when 718 is divided by 26.
16
What is the remainder when 43 is divided by 17?
9
What is the remainder when 164 is divided by 9?
2
What is the remainder when 966 is divided by 88?
86
Calculate the remainder when 5261 is divided by 14.
11
What is the remainder when 310 is divided by 148?
14
Calculate the remainder when 90 is divided by 27.
9
What is the remainder when 145 is divided by 55?
35
What is the remainder when 408 is divided by 199?
10
What is the remainder when 580 is divided by 3?
1
Calculate the remainder when 495 is divided by 156.
27
Calculate the remainder when 381 is divided by 23.
13
Calculate the remainder when 105 is divided by 27.
24
What is the remainder when 4103 is divided by 89?
9
Calculate the remainder when 2885 is divided by 111.
110
What is the remainder when 297 is divided by 10?
7
Calculate the remainder when 249 is divided by 77.
18
What is the remainder when 39 is divided by 25?
14
Calculate the remainder when 45 is divided by 33.
12
What is the remainder when 133 is divided by 71?
62
What is the remainder when 716 is divided by 222?
50
Calculate the remainder when 992 is divided by 142.
140
What is the remainder when 49 is divided by 35?
14
What is the remainder when 1245 is divided by 30?
15
What is the remainder when 232 is divided by 51?
28
What is the remainder when 131 is divided by 49?
33
Calculate the remainder when 78 is divided by 20.
18
Calculate the remainder when 84 is divided by 27.
3
Calculate the remainder when 2001 is divided by 11.
10
Calculate the remainder when 284 is divided by 74.
62
Calculate the remainder when 873 is divided by 6.
3
Calculate the remainder when 375 is divided by 16.
7
What is the remainder when 687 is divided by 138?
135
Calculate the remainder when 317 is divided by 27.
20
Calculate the remainder when 194 is divided by 4.
2
Calculate the remainder when 263 is divided by 41.
17
What is the remainder when 37 is divided by 14?
9
Calculate the remainder when 810 is divided by 80.
10
What is the remainder when 56 is divided by 31?
25
What is the remainder when 4363 is divided by 38?
31
What is the remainder when 328 is divided by 64?
8
Calculate the remainder when 2127 is divided by 71.
68
Calculate the remainder when 105 is divided by 22.
17
Calculate the remainder when 447 is divided by 64.
63
Calculate the remainder when 2961 is divided by 57.
54
Calculate the remainder when 220 is divided by 14.
10
What is the remainder when 4687 is divided by 134?
131
Calculate the remainder when 733 is divided by 185.
178
What is the remainder when 466 is divided by 43?
36
What is the remainder when 4697 is divided by 30?
17
What is the remainder when 11 is divided by 2?
1
Calculate the remainder when 87 is divided by 9.
6
Calculate the remainder when 242 is divided by 9.
8
Calculate the remainder when 220 is divided by 37.
35
Calculate the remainder when 1886 is divided by 38.
24
What is the remainder when 278 is divided by 56?
54
Calculate the remainder when 1823 is divided by 30.
23
What is the remainder when 155 is divided by 29?
10
Calculate the remainder when 118 is divided by 26.
14
What is the remainder when 50 is divided by 14?
8
Calculate the remainder when 217 is divided by 75.
67
Calculate the remainder when 595 is divided by 187.
34
Calculate the remainder when 1148 is divided by 25.
23
Calculate the remainder when 147 is divided by 144.
3
What is the remainder when 389 is divided by 56?
53
What is the remainder when 1449 is divided by 424?
177
Calculate the remainder when 1830 is divided by 259.
17
Calculate the remainder when 2078 is divided by 120.
38
Calculate the remainder when 275 is divided by 12.
11
Calculate the remainder when 258 is divided by 52.
50
What is the remainder when 14452 is divided by 99?
97
What is the remainder when 109 is divided by 30?
19
What is the remainder when 384 is divided by 116?
36
What is the remainder when 224 is divided by 19?
15
What is the remainder when 123 is divided by 24?
3
Calculate the remainder when 256 is divided by 30.
16
What is the remainder when 2966 is divided by 165?
161
Calculate the remainder when 1973 is divided by 47.
46
Calculate the remainder when 3206 is divided by 800.
6
What is the remainder when 367 is divided by 41?
39
Calculate the remainder when 178 is divided by 6.
4
Calculate the remainder when 447 is divided by 65.
57
Calculate the remainder when 884 is divided by 293.
5
Calculate the remainder when 6619 is divided by 3301.
17
Calculate the remainder when 7521 is divided by 14